-21
330 (base 5) to base 7
156
-39 (base 14) to base 13
-3c
Convert -1 (base 8) to base 13.
-1
Convert -3 (base 8) to base 14.
-3
What is -1001110 (base 2) in base 7?
-141
Convert -101 (base 2) to base 15.
-5
Convert 4 (base 12) to base 5.
4
What is 54 (base 7) in base 5?
124
Convert -5 (base 15) to base 7.
-5
Convert 30 (base 4) to base 13.
c
What is -136 (base 8) in base 6?
-234
What is 7b (base 15) in base 9?
138
Convert -5 (base 9) to base 7.
-5
What is 4 (base 16) in base 4?
10
What is 4 (base 10) in base 11?
4
Convert 49 (base 15) to base 12.
59
32 (base 6) to base 7
26
14 (base 14) to base 7
24
12 (base 3) to base 14
5
Convert 2 (base 9) to base 16.
2
What is -50 (base 7) in base 16?
-23
Convert 11 (base 3) to base 11.
4
Convert 31 (base 5) to base 14.
12
1 (base 10) to base 2
1
-68 (base 10) to base 14
-4c
-2102 (base 3) to base 12
-55
Convert 39 (base 14) to base 13.
3c
-40 (base 6) to base 7
-33
-165 (base 10) to base 6
-433
Convert -1 (base 15) to base 8.
-1
What is -2 (base 5) in base 11?
-2
Convert 5 (base 16) to base 6.
5
What is 4 (base 12) in base 4?
10
Convert -4 (base 6) to base 14.
-4
Convert -2 (base 15) to base 2.
-10
-315 (base 9) to base 15
-122
What is 4 (base 11) in base 14?
4
What is -112 (base 3) in base 2?
-1110
Convert 7b (base 16) to base 5.
443
0 (base 11) to base 13
0
51 (base 8) to base 4
221
What is 0 (base 2) in base 10?
0
What is 2 (base 3) in base 9?
2
What is -1 (base 10) in base 11?
-1
Convert 321 (base 6) to base 9.
144
What is 2 (base 8) in base 11?
2
22 (base 5) to base 4
30
What is 44 (base 9) in base 2?
101000
Convert -43 (base 8) to base 5.
-120
Convert 551 (base 6) to base 11.
182
-193 (base 10) to base 5
-1233
-2 (base 14) to base 13
-2
Convert -111 (base 5) to base 6.
-51
Convert 146 (base 10) to base 11.
123
1 (base 9) to base 3
1
What is -111 (base 2) in base 5?
-12
-6 (base 14) to base 11
-6
What is -121 (base 3) in base 15?
-11
3 (base 11) to base 3
10
What is -3 (base 5) in base 10?
-3
Convert 10011 (base 2) to base 14.
15
What is 1023 (base 4) in base 7?
135
Convert 7 (base 9) to base 7.
10
What is -3 (base 15) in base 13?
-3
Convert -3 (base 8) to base 14.
-3
-38 (base 12) to base 13
-35
-3 (base 16) to base 6
-3
-13 (base 4) to base 6
-11
What is -1 (base 4) in base 5?
-1
Convert -3 (base 5) to base 7.
-3
1 (base 11) to base 3
1
What is 4 (base 14) in base 8?
4
Convert 0 (base 12) to base 15.
0
-10101101 (base 2) to base 11
-148
What is -441 (base 5) in base 15?
-81
Convert 1313 (base 4) to base 15.
7e
-1333 (base 5) to base 10
-218
Convert 3 (base 13) to base 3.
10
What is 30 (base 5) in base 16?
f
Convert 21 (base 7) to base 14.
11
Convert 2 (base 5) to base 9.
2
What is 11 (base 3) in base 4?
10
Convert -229 (base 10) to base 14.
-125
Convert 546 (base 7) to base 16.
117
-1 (base 11) to base 10
-1
What is 10 (base 7) in base 12?
7
What is -9 (base 12) in base 11?
-9
2 (base 8) to base 11
2
What is -442 (base 7) in base 12?
-16a
What is -2 (base 9) in base 3?
-2
32 (base 16) to base 7
101
-1 (base 8) to base 5
-1
Convert 2 (base 12) to base 7.
2
10 (base 3) to base 10
3
Convert 111 (base 2) to base 14.
7
What is 8 (base 13) in base 12?
8
What is 114 (base 5) in base 15?
24
What is -14 (base 5) in base 9?
-10
-112 (base 3) to base 5
-24
What is 2a (base 13) in base 8?
44
-120 (base 6) to base 3
-1210
What is -10 (base 4) in base 9?
-4
What is -55 (base 13) in base 16?
-46
8 (base 16) to base 6
12
123 (base 4) to base 16
1b
105 (base 14) to base 5
1301
13 (base 13) to base 8
20
What is -7 (base 10) in base 11?
-7
What is -70 (base 15) in base 4?
-1221
-8 (base 16) to base 9
-8
What is 4b (base 12) in base 4?
323
What is 15 (base 16) in base 12?
19
1 (base 10) to base 12
1
1021 (base 4) to base 3
2201
What is 12 (base 3) in base 13?
5
What is -50 (base 11) in base 7?
-106
What is -17 (base 12) in base 9?
-21
Convert 3 (base 8) to base 14.
3
Convert -56 (base 11) to base 13.
-49
Convert 11 (base 2) to base 7.
3
0 (base 2) to base 8
0
-11 (base 6) to base 14
-7
Convert 5 (base 6) to base 3.
12
Convert -16 (base 9) to base 11.
-14
Convert -5 (base 8) to base 6.
-5
What is -240 (base 8) in base 11?
-136
2 (base 16) to base 11
2
What is 5c (base 13) in base 9?
85
Convert 87 (base 12) to base 4.
1213
23 (base 11) to base 16
19
2b (base 12) to base 14
27
What is -4 (base 5) in base 7?
-4
What is -32 (base 4) in base 13?
-11
What is 10 (base 5) in base 8?
5
3 (base 5) to base 14
3
What is -2 (base 7) in base 13?
-2
3 (base 9) to base 4
3
4 (base 12) to base 14
4
Convert 4 (base 11) to base 4.
10
Convert 62 (base 13) to base 4.
1100
Convert -51 (base 14) to base 2.
-1000111
What is 12 (base 6) in base 2?
1000
Convert 240 (base 8) to base 7.
316
What is -33 (base 4) in base 10?
-15
-4 (base 8) to base 4
-10
What is 210 (base 5) in base 3?
2001
Convert 11 (base 15) to base 3.
121
What is -53 (base 6) in base 10?
-33
Convert 25 (base 13) to base 7.
43
What is -32 (base 15) in base 10?
-47
What is -235 (base 9) in base 4?
-3002
What is 83 (base 9) in base 6?
203
dd (base 16) to base 9
265
Convert -4 (base 11) to base 5.
-4
4 (base 10) to base 14
4
What is -2122 (base 3) in base 7?
-131
Convert -1 (base 16) to base 10.
-1
Convert 4 (base 8) to base 6.
4
What is -110 (base 2) in base 7?
-6
What is 10 (base 6) in base 11?
6
Convert c (base 13) to base 11.
11
What is 3 (base 12) in base 11?
3
What is -3 (base 11) in base 9?
-3
What is -15 (base 15) in base 5?
-40
13 (base 6) to base 16
9
Convert 14 (base 9) to base 3.
111
What is -101000 (base 2) in base 13?
-31
-a5 (base 11) to base 2
-1110011
What is -5 (base 8) in base 5?
-10
Convert 12220 (base 3) to base 15.
a9
Convert 4c (base 13) to base 15.
44
Convert -1002 (base 3) to base 12.
-25
4 (base 5) to base 9
4
Convert -1000 (base 3) to base 9.
-30
Convert -8 (base 9) to base 5.
-13
1 (base 7) to base 6
1
Convert -116 (base 12) to base 10.
-162
What is 1320 (base 4) in base 7?
231
Convert 3 (base 9) to base 14.
3
-100 (base 9) to base 7
-144
What is -26 (base 9) in base 2?
-11000
Convert -3 (base 13) to base 2.
-11
Convert -a (base 14) to base 3.
-101
140 (base 5) to base 6
113
Convert 0 (base 14) to base 6.
0
Convert 102012 (base 3) to base 12.
212
Convert 11 (base 7) to base 16.
8
-211 (base 3) to base 10
-22
What is -330 (base 5) in base 2?
-1011010
10c (base 15) to base 3
22210
Convert -50 (base 15) to base 3.
-2210
-2 (base 16) to base 6
-2
What is -1 (base 12) in base 6?
-1
150 (base 7) to base 5
314
What is 4 (base 9) in base 6?
4
Convert 7 (base 12) to base 8.
7
Convert -6 (base 15) to base 4.
-12
What is -2 (base 7) in base 5?
-2
Convert -1011 (base 2) to base 8.
-13
-4 (base 15) to base 12
-4
What is -3 (base 5) in base 12?
-3
-1 (base 14) to base 11
-1
-1111 (base 2) to base 15
-10
Convert -6 (base 14) to base 10.
-6
Convert -17 (base 10) to base 6.
-25
Convert -49 (base 11) to base 6.
-125
Convert 0 (base 9) to base 16.
0
What is -10 (base 9) in base 4?
-21
Convert 111100 (base 2) to base 14.
44
Convert 101 (base 5) to base 3.
222
What is -21 (base 8) in base 3?
-122
What is -9 (base 16) in base 4?
-21
24 (base 12) to base 7
40
What is -6 (base 15) in base 2?
-110
8 (base 13) to base 11
8
What is 2 (base 7) in base 13?
2
What is 9 (base 11) in base 2?
1001
Convert 2 (base 16) to base 14.
2
1 (base 13) to base 16
1
Convert 22 (base 6) to base 8.
16
What is -141 (base 6) in base 11?
-56
Convert 3 (base 6) to base 12.
3
Convert -1 (base 5) to base 14.
-1
What is 11102 (base 3) in base 14?
87
24 (base 11) to base 8
32
What is c (base 16) in base 3?
110
Convert -6 (base 10) to base 15.
-6
51 (base 15) to base 12
64
-1111 (base 2) to base 9
-16
-238 (base 10) to base 15
-10d
Convert -2 (base 16) to base 7.
-2
-44 (base 5) to base 7
-33
Convert 11 (base 5) to base 11.
6
What is -136 (base 10) in base 16?
-88
What is -d6 (base 15) in base 6?
-533
6 (base 11) to base 14
6
Convert 19 (base 12) to base 2.
10101
What is 1d (base 14) in base 5?
102
What is -133 (base 5) in base 16?
-2b
What is -5 (base 15) in base 6?
-5
Convert 14 (base 10) to base 7.
20
-1101 (base 2) to base 3
-111
Convert -a (base 16) to base 13.
-a
What is 0 (base 8) in base 5?
0
-7 (base 14) to base 16
-7
-34 (base 7) to base 16
-19
What is -2 (base 4) in base 2?
-10
Convert -115